{"id":21563,"date":"2020-09-30T13:24:44","date_gmt":"2020-09-30T13:24:44","guid":{"rendered":"http:\/\/www.neurolab-inc.com\/site\/?page_id=21563"},"modified":"2020-09-30T13:24:44","modified_gmt":"2020-09-30T13:24:44","slug":"mars","status":"publish","type":"page","link":"https:\/\/momiji.neurolab-inc.com\/?page_id=21563","title":{"rendered":"Mars"},"content":{"rendered":"<h2><strong>Le r\u00e9veil !<\/strong><\/h2>\n<p>Chez la plupart des esp\u00e8ces c\u2019est le r\u00e9veil. Les bouchons de s\u00e8ve solidifi\u00e9e fondent lentement dans les vaisseaux. Cela permet le r\u00e9tablissement de la circulation de la s\u00e8ve.<\/p>\n<p>Parall\u00e8lement, les bourgeons terminaux commencent \u00e0 gonfler car ils sont irrigu\u00e9s. De m\u00eame, les radicelles reprennent leur activit\u00e9, c\u2019est \u00e0 dire qu\u2019elles commencent \u00e0 pousser. Leurs extr\u00e9mit\u00e9s redeviennent blanches.<\/p>\n<table>\n<tbody>\n<tr>\n<td><strong>Attention !<\/strong>Selon votre lieu de r\u00e9sidence ce calendrier pourra \u00eatre l\u00e9g\u00e8rement avanc\u00e9 ou plut\u00f4t retard\u00e9 de 15 jours \u00e0 3 semaines. Faites la correction.<\/td>\n<\/tr>\n<\/tbody>\n<\/table>\n<p>&nbsp;<\/p>\n<table border=\"4\">\n<tbody>\n<tr>\n<td>Rempotages (tailles des racines, changement de pots). Engrais tr\u00e8s l\u00e9g\u00e8rement. Traitements avant d\u00e9bourrage des bourgeons. Epoque des marcottes et des greffes. Reprise de l\u2019arrosage.<\/td>\n<\/tr>\n<\/tbody>\n<\/table>\n<p>&nbsp;<\/p>\n<p><strong>QUE FAIT VOTRE BONSA\u00cf<\/strong><\/p>\n<p>R\u00e9veil de vos bonsa\u00ef ! progressivement les bourgeons gonflent et les racines commencent \u00e0 travailler. Attention cependant aux brusques ralentissements d\u00fbs \u00e0 des gels plus ou moins tardifs et plus ou moins intenses. Il faut donc sortir de serre froide tous les arbres qui tendent \u00e0 d\u00e9marrrer, puis les surveiller et les rentrer en cas de gel. Le but est d\u2019\u00e9viter que des bourgeons sortent en serre.<\/p>\n<p><strong>FERTILISATION<\/strong><\/p>\n<p>Si vos arbres sont en formation, commencez en fin de mois \u00e0 donner des engrais riches en azote (N). Si vos arbres sont d\u00e9j\u00e0 \u00e0 la taille voulue, donnez un engrais assez faible en N, juste pour aider au d\u00e9marrage. Vous leur donnerez beaucoup d\u2019engrais quand les rameaux seront \u00e9tablis. Sinon, vous risquez d\u2019allonger les entre-noeuds et d\u2019avoir de grosses feuilles. Par s\u00e9curit\u00e9, choisissez un engrais organique \u00e0 NPK faibles.<\/p>\n<p><strong>ARROSAGE<\/strong><\/p>\n<p>Commencer \u00e0 arroser r\u00e9guli\u00e8rement. Si la partie a\u00e9rienne semble encore au repos, les racines commencent \u00e0 pousser. Ne pas arroser s\u2019il y a menace de gel.<\/p>\n<p><strong>TRAITEMENTS<\/strong><\/p>\n<p>C\u2019est le moment de faire une pulv\u00e9risation de cuivre et de soufre sur vos arbres, juste avant l\u2019ouverture des bourgeons. On peut utiliser ces 2 produits m\u00e9lang\u00e9s.<\/p>\n<p><strong>TRAVAUX<\/strong><\/p>\n<p><strong>Toutes esp\u00e8ces :\u00a0rempotages.<\/strong><br \/>\nC\u2019est le moment de rempoter \u00e0 l\u2019ouverture des bourgeons. Ne pas le faire par grand froid ou grand vent. Pendant le rempotage veillez \u00e0 ce que les racines ne se dess\u00e8chent pas. Ayez un pulv\u00e9risateur \u00e0 port\u00e9e de main. Nettoyez bien les racines. Eliminez sans peur celles qui se croisent, qui vont vers le haut, qui sont pourries. Regardez les cicatrices ant\u00e9rieures et ravivez-les si n\u00e9cessaire. Mastiquez les plus grosses coupes que vous orienterez toujours vers le bas. C\u2019est le dernier mois aussi pour les grandes tailles de structure. Vous pouvez aussi s\u00e9lectionner les bourgeons en \u00e9liminant ceux en surnombre ou mal plac\u00e9s, avant qu\u2019ils ne s\u2019ouvrent.<br \/>\n<strong>Ligature<\/strong><br \/>\nVous pouvez ligaturer les feuillus qui n\u2019ont pas encore leurs feuilles. Ceux qui ont eu un rempotage s\u00e9v\u00e8re avec coupes de nombreuses racines devront attendre un mois ou deux.\u00a0En r\u00e8gle g\u00e9n\u00e9rale, on ne fait pas plusieurs choses en m\u00eame temps sur un arbre.<\/p>\n<p><strong>Marcottes, greffes, boutures.<\/strong><br \/>\nPossibles ce mois-ci d\u00e8s que le climat se radoucit.<\/p>\n<p><strong>Cas particuliers :<\/strong><br \/>\n<strong>Figuiers<\/strong><br \/>\nLe figuier peut faire un tr\u00e8s joli bonsa\u00ef \u00e0 condition de savoir le ramifier et r\u00e9duire ses feuilles. Un pincement sp\u00e9cifique permet d\u2019atteindre ces deux buts. D\u00e8s que le bourgeon terminal d\u2019une branche se met \u00e0 gonfler, on le pince avec les ongles, c\u2019est \u00e0 dire qu\u2019on l\u2019enl\u00e8ve carr\u00e9ment en laissant sa base. Dans les 15 jours suivants de nombreux petits bourgons vont na\u00eetre en arri\u00e8re. Ils donneront des rameaux ou des petites feuilles. Ne faites ceci que sur des arbres en tr\u00e8s bonne sant\u00e9 et sur des branches fortes.<br \/>\n<strong>Arbres \u00e0 fleurs et fruitiers.<\/strong><br \/>\nTous les 3-4 ans, enlevez tous les bourgeons \u00e0 fleurs pour permettre \u00e0 l\u2019arbre de se reposer. Il fleurira beaucoup mieux l\u2019ann\u00e9e suivante. Si vous \u00e9bourgeonnez de cette fa\u00e7on, vous pouvez faire une taille de structure.<br \/>\n<strong>Conif\u00e8res dont\u00a0<\/strong><b>gen\u00e9vriers<\/b><br \/>\nLigaturage avant la mont\u00e9e de s\u00e8ve. Sur les gen\u00e9vriers, il y a moins de risque d\u2019arracher l\u2019\u00e9corce (ce qui provoque la mort des petits rameaux).<\/p>\n","protected":false},"excerpt":{"rendered":"<p>Le r\u00e9veil ! Chez la plupart des esp\u00e8ces c\u2019est le r\u00e9veil. Les bouchons de s\u00e8ve solidifi\u00e9e fondent lentement dans les vaisseaux. Cela permet le r\u00e9tablissement de la circulation de la s\u00e8ve. Parall\u00e8lement, les bourgeons terminaux commencent \u00e0 gonfler car ils sont irrigu\u00e9s. De m\u00eame, les radicelles reprennent leur activit\u00e9, c\u2019est \u00e0 dire qu\u2019elles commencent \u00e0 [&hellip;]<\/p>\n","protected":false},"author":4,"featured_media":0,"parent":0,"menu_order":0,"comment_status":"closed","ping_status":"closed","template":"","meta":{"footnotes":""},"class_list":["post-21563","page","type-page","status-publish","hentry"],"blocksy_meta":[],"_links":{"self":[{"href":"https:\/\/momiji.neurolab-inc.com\/index.php?rest_route=\/wp\/v2\/pages\/21563","targetHints":{"allow":["GET"]}}],"collection":[{"href":"https:\/\/momiji.neurolab-inc.com\/index.php?rest_route=\/wp\/v2\/pages"}],"about":[{"href":"https:\/\/momiji.neurolab-inc.com\/index.php?rest_route=\/wp\/v2\/types\/page"}],"author":[{"embeddable":true,"href":"https:\/\/momiji.neurolab-inc.com\/index.php?rest_route=\/wp\/v2\/users\/4"}],"replies":[{"embeddable":true,"href":"https:\/\/momiji.neurolab-inc.com\/index.php?rest_route=%2Fwp%2Fv2%2Fcomments&post=21563"}],"version-history":[{"count":1,"href":"https:\/\/momiji.neurolab-inc.com\/index.php?rest_route=\/wp\/v2\/pages\/21563\/revisions"}],"predecessor-version":[{"id":21564,"href":"https:\/\/momiji.neurolab-inc.com\/index.php?rest_route=\/wp\/v2\/pages\/21563\/revisions\/21564"}],"wp:attachment":[{"href":"https:\/\/momiji.neurolab-inc.com\/index.php?rest_route=%2Fwp%2Fv2%2Fmedia&parent=21563"}],"curies":[{"name":"wp","href":"https:\/\/api.w.org\/{rel}","templated":true}]}}