{"id":21565,"date":"2020-09-30T13:25:13","date_gmt":"2020-09-30T13:25:13","guid":{"rendered":"http:\/\/www.neurolab-inc.com\/site\/?page_id=21565"},"modified":"2020-09-30T13:25:13","modified_gmt":"2020-09-30T13:25:13","slug":"avril","status":"publish","type":"page","link":"https:\/\/momiji.neurolab-inc.com\/?page_id=21565","title":{"rendered":"Avril"},"content":{"rendered":"<h2><strong>L\u2018arbre fonctionne \u00e0 100% !<\/strong><\/h2>\n<p>Jusqu\u2019\u00e0 pr\u00e9sent il a v\u00e9cu sur ses r\u00e9serves. Comme il n\u2019avait ni feuilles, ni radicelles actives, il a puis\u00e9 son \u00e9nergie dans ses r\u00e9serves. Celles-ci ont \u00e9t\u00e9 accumul\u00e9es pour la derni\u00e8re fois du cycle v\u00e9g\u00e9tatif l\u2019ann\u00e9e derni\u00e8re en fin d\u2019automne. Vous comprendrez que plus l\u2019arbre a des r\u00e9serves et plus le d\u00e9marrage sera puissant et efficace. C\u2019est \u00e0 partir des amidons que les bourgeons vont fabriquer les feuilles qui prendront tr\u00e8s vite le relais.<\/p>\n<table width=\"589\">\n<tbody>\n<tr>\n<td><strong>Rempotages\u00a0; engrais\u00a0; ligaturage. Boutures. Arrosage tous les jours.<\/strong><\/td>\n<\/tr>\n<\/tbody>\n<\/table>\n<p><strong>QUE FAIT VOTRE BONSA\u00cf<\/strong><\/p>\n<p>Pleine puissance pour le m\u00e9tabolisme des bonsa\u00ef. Les bourgeons s\u2019ouvrent, les feuilles se d\u00e9veloppent. Les radicelles fonctionnent \u00e0 plein r\u00e9gime. Attention au gel qui peut endommager les pousses tendres ou les bourgeons \u00e0 peine \u00e9clos.<\/p>\n<p><strong>FERTILISATION<\/strong><\/p>\n<p>Arbres en formation et jeunes\u00a0: beaucoup d\u2019azote c\u2019est-\u00e0-dire un engrais avec un N plus \u00e9lev\u00e9 que les P et K. Engrais organique solide ou liquide<\/p>\n<p>En engrais liquide on fertilise toutes les semaines, en solide tous les 15 jours \u00e0 un mois.<\/p>\n<p>On peut ajouter un \u00ab\u00a0humig\u00e8ne\u00a0\u00bb c\u2019est-\u00e0-dire un terreau tr\u00e8s compost\u00e9 en surface.<\/p>\n<p>Les engrais foliaires peuvent \u00eatre utilis\u00e9s s\u2019ils sont riches en oligo \u00e9l\u00e9ments. En effet, un apport d\u2019oligo-\u00e9l\u00e9ments est n\u00e9cessaire \u00e0 cette \u00e9poque de l\u2019ann\u00e9e. Mais il est pr\u00e9f\u00e9rable de les utiliser en arrosage.<\/p>\n<p>Attention aux engrais chimiques qui sont instantan\u00e9s mais qui peuvent br\u00fbler les racines et qui ne contiennent pas d\u2019oligo-\u00e9l\u00e9ments. Enfin, si vous utilisez des engrais pour plantes en pots, utilisez les aux doses prescrites, pas \u00e0 demi dose comme on le dit parfois.<\/p>\n<p><strong>ARROSAGE<\/strong><\/p>\n<p>Arbres en formation\u00a0: beaucoup d\u2019eau et r\u00e9guli\u00e8rement.<\/p>\n<p>Arbres matures\u00a0: arrosages r\u00e9guliers mais mod\u00e9r\u00e9s, comme l\u2019engrais, pour \u00e9viter l\u2019apparition de feuilles trop grandes et d\u2019entre-n\u0153uds trop longs.<\/p>\n<p><strong>TRAITEMENTS<\/strong><\/p>\n<p>Ce sont les insectes parasites qui doivent \u00eatre d\u00e9pist\u00e9s car ils peuvent pulluler sur des arbres tr\u00e8s fertilis\u00e9s\u00a0: cochenilles, pucerons en particulier.<\/p>\n<p><strong>TRAVAUX<\/strong><\/p>\n<p>Sortez vos arbres des serres froides ou des abris. Tournez-les r\u00e9guli\u00e8rement pour qu\u2019ils soient \u00e9clair\u00e9s d\u2019une fa\u00e7on identique sur les quatre faces.<\/p>\n<p><strong>Greffes<\/strong>\u00a0: possibles sur les feuillus<\/p>\n<p><strong>Conif\u00e8res<\/strong>\u00a0: rempotage et greffe possibles. Arrosez les mod\u00e9r\u00e9ment \u00e0 partir de la fin du mois pour que les nouvelles aiguilles soient petites.<\/p>\n<p><strong>Erables<\/strong>\u00a0: pincement des bourgeons \u00e0 leur \u00e9closion pour \u00e9viter l\u2019allongement des entre-n\u0153uds. Quand le bourgeon s\u2019ouvre, deux petites feuilles se d\u00e9ploient. Puis un petit rameau h\u00e9berge entre elles. C\u2019est lui qu\u2019il faut pincer, c\u2019est-\u00e0-dire enlever avec les ongles avant qu\u2019il ne pousse et que les feuilles ne se d\u00e9ploient.<\/p>\n<p><strong>Azal\u00e9es<\/strong>\u00a0: rempotage possible avant la floraison au d\u00e9but du mois. Vous pouvez aussi les ligaturer avec prudence. Le bois n\u2019est pas encore trop cassant. Il le deviendra quand la s\u00e8ve coulera \u00e0 flots de mai \u00e0 juillet.<\/p>\n<p><strong>Arbres \u00e0 fleurs et fruitiers<\/strong>\u00a0: tailles de structure apr\u00e8s la floraison.<\/p>\n<p><strong>Feuillus<\/strong>\u00a0: tailles de densification. Taillez les nouveaux rameaux \u00e0 2 n\u0153uds afin d\u2019une part de les rapprocher du tronc et d\u2019autre part de permettre qu\u2019une ramification se fasse 2 par 2. Cette taille densifie aux extr\u00e9mit\u00e9s, pas en arri\u00e8re. Sur les arbres matures vous laisserez pousser les rameaux pour qu\u2019ils se lignifient plus tard. Ils seront taill\u00e9s une fois lignifi\u00e9s pour permettre un bourgeonnement en arri\u00e8re.<\/p>\n","protected":false},"excerpt":{"rendered":"<p>L\u2018arbre fonctionne \u00e0 100% ! Jusqu\u2019\u00e0 pr\u00e9sent il a v\u00e9cu sur ses r\u00e9serves. Comme il n\u2019avait ni feuilles, ni radicelles actives, il a puis\u00e9 son \u00e9nergie dans ses r\u00e9serves. Celles-ci ont \u00e9t\u00e9 accumul\u00e9es pour la derni\u00e8re fois du cycle v\u00e9g\u00e9tatif l\u2019ann\u00e9e derni\u00e8re en fin d\u2019automne. Vous comprendrez que plus l\u2019arbre a des r\u00e9serves et plus [&hellip;]<\/p>\n","protected":false},"author":4,"featured_media":0,"parent":0,"menu_order":0,"comment_status":"closed","ping_status":"closed","template":"","meta":{"footnotes":""},"class_list":["post-21565","page","type-page","status-publish","hentry"],"blocksy_meta":[],"_links":{"self":[{"href":"https:\/\/momiji.neurolab-inc.com\/index.php?rest_route=\/wp\/v2\/pages\/21565","targetHints":{"allow":["GET"]}}],"collection":[{"href":"https:\/\/momiji.neurolab-inc.com\/index.php?rest_route=\/wp\/v2\/pages"}],"about":[{"href":"https:\/\/momiji.neurolab-inc.com\/index.php?rest_route=\/wp\/v2\/types\/page"}],"author":[{"embeddable":true,"href":"https:\/\/momiji.neurolab-inc.com\/index.php?rest_route=\/wp\/v2\/users\/4"}],"replies":[{"embeddable":true,"href":"https:\/\/momiji.neurolab-inc.com\/index.php?rest_route=%2Fwp%2Fv2%2Fcomments&post=21565"}],"version-history":[{"count":1,"href":"https:\/\/momiji.neurolab-inc.com\/index.php?rest_route=\/wp\/v2\/pages\/21565\/revisions"}],"predecessor-version":[{"id":21566,"href":"https:\/\/momiji.neurolab-inc.com\/index.php?rest_route=\/wp\/v2\/pages\/21565\/revisions\/21566"}],"wp:attachment":[{"href":"https:\/\/momiji.neurolab-inc.com\/index.php?rest_route=%2Fwp%2Fv2%2Fmedia&parent=21565"}],"curies":[{"name":"wp","href":"https:\/\/api.w.org\/{rel}","templated":true}]}}