{"id":21571,"date":"2020-09-30T13:27:09","date_gmt":"2020-09-30T13:27:09","guid":{"rendered":"http:\/\/www.neurolab-inc.com\/site\/?page_id=21571"},"modified":"2020-09-30T13:27:09","modified_gmt":"2020-09-30T13:27:09","slug":"juillet","status":"publish","type":"page","link":"https:\/\/momiji.neurolab-inc.com\/?page_id=21571","title":{"rendered":"Juillet"},"content":{"rendered":"<h2><strong>L\u2019arbre se solidifie. Lignification et repos.<\/strong><\/h2>\n<p>Ph\u00e9nom\u00e8ne de lignification. Les rameaux verts deviennent marron et se rigidifient. Selon la pluviosit\u00e9 et la temp\u00e9rature, l\u2019arbre peut continuer \u00e0 pousser.<\/p>\n<p><strong>Besoins de l\u2019arbre<\/strong>\u00a0:<\/p>\n<p>Plus ou moins de nourriture, mais des \u00e9l\u00e9ments sp\u00e9cifiques pour la lignification et la pr\u00e9paration des bourgeons \u00e0 fleurs.<\/p>\n<table>\n<tbody>\n<tr>\n<td><strong>Taille possible des nouveaux rameaux des pins pour faire bourgeonner en arri\u00e8re. Peu ou pas d\u2019engrais. D\u00e9 ligaturer si n\u00e9cessaire. Arrosage tr\u00e8s surveill\u00e9.<\/strong><\/td>\n<\/tr>\n<\/tbody>\n<\/table>\n<p><strong>QUE FAIT VOTRE BONSA\u00cf<\/strong><\/p>\n<p>Les r\u00e9serves accumul\u00e9es tout au long du printemps vont servir \u00e0 l\u2019ao\u00fbtement c\u2019est-\u00e0-dire \u00e0 la lignification des rameaux. La croissance en longueur est tr\u00e8s ralentie. Cependant en fonction des conditions climatiques, l\u2019arbre peut continuer \u00e0 fonctionner par exemple s\u2019il pleut avec des temp\u00e9ratures mod\u00e9r\u00e9es. Ce n\u2019est pas le mois ou la saison qui compte mais le climat du moment.<\/p>\n<p><strong>FERTILISATION<\/strong><\/p>\n<p>Par trop fortes chaleurs ne donnez pas d\u2019engrais et retirez les de la surface du pot. Si le temps est moyen avec des temp\u00e9ratures inf\u00e9rieures \u00e0 25\u00b0 vous pouvez continuer l\u2019engrais organique.<\/p>\n<p><strong>ARROSAGE<\/strong><\/p>\n<p>Surveillez l\u2019arrosage de tr\u00e8s pr\u00e8s, surtout sur les esp\u00e8ces sensibles qui devront \u00eatre \u00e0 mi-ombre. Sinon, les racines, trop chauff\u00e9es risqueraient de ne plus fonctionner. La stagnation d\u2019eau pourrait amener des asphyxies partielles de radicelles pr\u00e9judiciables \u00e0 la sant\u00e9 de l\u2019arbre. Soignez particuli\u00e8rement les plantes d\u2019accompagnement et les bonsa\u00ef miniatures.<\/p>\n<p><strong>TRAITEMENTS<\/strong><\/p>\n<p>Attention aux acariens ou araign\u00e9es rouges. Ils se mettent sous les feuilles qui deviennent gris\u00e2tres. Vaporiser de l\u2019eau sur et sous le feuillage. Attention aux o\u00efdiums et mildious (chaleur + humidit\u00e9)\u00a0; dans ce cas, traitement au souffre.<\/p>\n<p><strong>TRAVAUX<\/strong><\/p>\n<p><strong>Pins \u00e0 2 aiguilles autochtones :\u00a0<\/strong>sur les pins jeunes, forts et en bonne sant\u00e9, vous pouvez faire la taille m\u00e9kiri. Celle-ci consiste \u00e0 couper totalement les rameaux qui ont pouss\u00e9 depuis Avril en ne laissant que les aiguilles de l\u2019ann\u00e9e pr\u00e9c\u00e9dente et juste deux \u00e0 quatre de l\u2019ann\u00e9e en cours. Quelques semaines plus tard vont appara\u00eetre une grande quantit\u00e9 de bourgeons entre les aiguilles et m\u00eame sur le bois nu. Si vous n\u2019\u00eates pas s\u00fbr de la vigueur de votre pin, ne pratiquez ce pincement que fin septembre (il bourgeonnera au printemps suivant).<\/p>\n<p><strong>Feuillus<\/strong>\u00a0: il est possible que les feuilles soient dess\u00e9ch\u00e9es par l\u2019action conjugu\u00e9e du soleil, du vent et du manque d\u2019eau. Leurs bords se fl\u00e9trissent. Vous pouvez dans ces conditions d\u00e9folier les \u00e9rables, charmes, fr\u00eanes et noisetiers.<\/p>\n<p><strong>Bonsa\u00ef tropicaux<\/strong>\u00a0: dehors, plein soleil avec beaucoup d\u2019eau et d\u2019engrais.<\/p>\n<p><strong>Azal\u00e9es<\/strong>\u00a0: derni\u00e8res tailles au d\u00e9but du mois pour s\u00e9lectionner les rameaux 2 par 2. Ligaturage possible. Dans ce cas, n\u2019arrosez pas avant de ligaturer. Le bois sec est moins cassant.<\/p>\n<p><strong>Pommier<\/strong>\u00a0: supprimez les fruits en surplus qui fatiguent l\u2019arbre. D\u2019un point de vue esth\u00e9tique quelques fruits sont suffisants.<\/p>\n<p><strong>Gen\u00e9vriers<\/strong>\u00a0: ligaturage possible sur les rameaux ao\u00fbt\u00e9s. Il est toujours p\u00e9rilleux de ligaturer les gen\u00e9vriers en croissance car leur \u00e9corce s\u2019arrache facilement ce qui entraine la mort des petits rameaux.<\/p>\n<p><strong>Glycine<\/strong>\u00a0: pour favoriser la future floraison, il faut arroser normalement, mais laisser le bas du pot tremper dans l\u2019eau (effet asphyxiant sur les racines qui favorise la naissance de bourgeons \u00e0 fleurs).<\/p>\n<p><strong>Arrosage par fortes chaleurs<\/strong>\u00a0: pulv\u00e9risez de l\u2019eau sur les feuilles le soir. Si c\u2019est n\u00e9cessaire immergez compl\u00e8tement le pot une fois par semaine dans de l\u2019eau. Arrosez tous les jours.<\/p>\n","protected":false},"excerpt":{"rendered":"<p>L\u2019arbre se solidifie. Lignification et repos. Ph\u00e9nom\u00e8ne de lignification. Les rameaux verts deviennent marron et se rigidifient. Selon la pluviosit\u00e9 et la temp\u00e9rature, l\u2019arbre peut continuer \u00e0 pousser. Besoins de l\u2019arbre\u00a0: Plus ou moins de nourriture, mais des \u00e9l\u00e9ments sp\u00e9cifiques pour la lignification et la pr\u00e9paration des bourgeons \u00e0 fleurs. Taille possible des nouveaux rameaux [&hellip;]<\/p>\n","protected":false},"author":4,"featured_media":0,"parent":0,"menu_order":0,"comment_status":"closed","ping_status":"closed","template":"","meta":{"footnotes":""},"class_list":["post-21571","page","type-page","status-publish","hentry"],"blocksy_meta":[],"_links":{"self":[{"href":"https:\/\/momiji.neurolab-inc.com\/index.php?rest_route=\/wp\/v2\/pages\/21571","targetHints":{"allow":["GET"]}}],"collection":[{"href":"https:\/\/momiji.neurolab-inc.com\/index.php?rest_route=\/wp\/v2\/pages"}],"about":[{"href":"https:\/\/momiji.neurolab-inc.com\/index.php?rest_route=\/wp\/v2\/types\/page"}],"author":[{"embeddable":true,"href":"https:\/\/momiji.neurolab-inc.com\/index.php?rest_route=\/wp\/v2\/users\/4"}],"replies":[{"embeddable":true,"href":"https:\/\/momiji.neurolab-inc.com\/index.php?rest_route=%2Fwp%2Fv2%2Fcomments&post=21571"}],"version-history":[{"count":1,"href":"https:\/\/momiji.neurolab-inc.com\/index.php?rest_route=\/wp\/v2\/pages\/21571\/revisions"}],"predecessor-version":[{"id":21572,"href":"https:\/\/momiji.neurolab-inc.com\/index.php?rest_route=\/wp\/v2\/pages\/21571\/revisions\/21572"}],"wp:attachment":[{"href":"https:\/\/momiji.neurolab-inc.com\/index.php?rest_route=%2Fwp%2Fv2%2Fmedia&parent=21571"}],"curies":[{"name":"wp","href":"https:\/\/api.w.org\/{rel}","templated":true}]}}