{"id":21577,"date":"2020-09-30T13:28:45","date_gmt":"2020-09-30T13:28:45","guid":{"rendered":"http:\/\/www.neurolab-inc.com\/site\/?page_id=21577"},"modified":"2020-09-30T13:28:45","modified_gmt":"2020-09-30T13:28:45","slug":"novembre","status":"publish","type":"page","link":"https:\/\/momiji.neurolab-inc.com\/?page_id=21577","title":{"rendered":"Novembre"},"content":{"rendered":"<h2><strong>Fin d\u2019accumulation des r\u00e9serves. D\u00e9but de la mise en sommeil.<\/strong><\/h2>\n<p>L\u2019arbre perd ses derni\u00e8res feuilles et avec elles, l\u2019activit\u00e9 chute \u00e9galement. L\u2019arbre a accumul\u00e9 un maximum de r\u00e9serves.<\/p>\n<p>&nbsp;<\/p>\n<table>\n<tbody>\n<tr>\n<td><strong>Besoins de l\u2019arbre :<\/strong><\/p>\n<p>Tant qu\u2019il subsiste des feuilles il est en activit\u00e9 et a donc besoin d\u2019\u00e9l\u00e9ments pour renforcer ses r\u00e9serves et ses protections hivernales.<\/td>\n<\/tr>\n<\/tbody>\n<\/table>\n<p>&nbsp;<\/p>\n<table>\n<tbody>\n<tr>\n<td><strong>Prot\u00e9ger du froid. Nettoyage des pots, des sols, des ramures. Derniers engrais d\u2019automne.<\/strong><\/td>\n<\/tr>\n<\/tbody>\n<\/table>\n<p>&nbsp;<\/p>\n<p><strong>QUE FAIT VOTRE BONSA\u00cf<\/strong><\/p>\n<p>D\u00e9but du repos v\u00e9g\u00e9tatif. L\u2019arbre se met r\u00e9ellement au ralenti, mais il fonctionne toujours. Les feuilles assurent encore leur r\u00f4le de photosynth\u00e8se tant qu\u2019elles restent vertes. Les racines fonctionnent aussi. Le bois se lignifie presque compl\u00e8tement. Tout d\u00e9pend du climat local.<\/p>\n<p><strong>FERTILISATION<\/strong><\/p>\n<p>Si vous ne l\u2019avez pas encore fait, c\u2019est le moment de neutraliser les substrats avec une solution de cendres dilu\u00e9es \u00e0 10% dans de l\u2019eau et d\u00e9cant\u00e9e. Toujours de l\u2019engrais riche en potassium et phosphore pour les conif\u00e8res et les feuillus qui ont encore des feuilles.<\/p>\n<p><strong>ARROSAGE<\/strong><\/p>\n<p>Arrosages mod\u00e9r\u00e9s mais r\u00e9guliers. Les arbres sont encore en fonctionnement et ont besoin d\u2019eau pour m\u00e9taboliser les engrais d\u2019automne. Au fait, quelle eau\u00a0? L\u2019eau du robinet bien s\u00fbr. Si elle est trop chlor\u00e9e on la fait d\u00e9canter plus de 24h dans un grand r\u00e9cipient. Si elle est trop calcaire, on y ajoute un peu d\u2019acide chlorhydrique.<\/p>\n<p><strong>TRAITEMENTS<\/strong><\/p>\n<p>Toujours du cuivre en pulv\u00e9risation quand les feuilles tombent. V\u00e9rifier aussi l\u2019absence d\u2019acariens. Nettoyage des branches et rameaux. Enlevez les feuilles mortes, les parties n\u00e9cros\u00e9es. Pr\u00e9parez les protections d\u2019hiver. Attention aux premi\u00e8res gel\u00e9es. Consultez votre thermom\u00e8tre \u00e0 deux colonnes si n\u00e9cessaire.<\/p>\n<p><strong>TRAVAUX<\/strong><\/p>\n<p><strong>Bois mort :\u00a0<\/strong>vous pouvez travailler le bois mort \u00e0 la gouge ou aux instruments \u00e9lectriques. Ne pas oublier de passer du liquide \u00e0 jin sur le bois sec pour l\u2019emp\u00eacher de moisir. On le trouve chez les professionnels. Il s\u2019applique au pinceau. C\u2019est un produit naus\u00e9abond car soufr\u00e9. Etalez le liquide \u00e0 jin sur sur du bois mouill\u00e9.<\/p>\n<p><strong>Ifs (Taxus)<\/strong>\u00a0: raccourcissez les branches qui ont trop pouss\u00e9 en sacrifiant les rameaux des extr\u00e9mit\u00e9s pour les compacter.<\/p>\n<p><strong>Pins<\/strong>\u00a0: vous pouvez toujours d\u00e9saiguiller. D\u2019une part les aiguilles de l\u2019ann\u00e9e pr\u00e9c\u00e9dente mais aussi celles de l\u2019ann\u00e9e. Sur les pins en formation que vous avez laiss\u00e9s pousser, enlevez les aiguilles sur les rameaux forts en en laissant 2 paires et 5 \u00e0 7 paires sur les faibles.<\/p>\n<p><strong>Feuillus<\/strong>\u00a0: commencez les tailles de structure. Si les feuilles sont tomb\u00e9es, vous pourrez tailler les rameaux bien lignifi\u00e9s une fois que l\u2019arbre vous semblera au repos total. Sinon, attendez le mois prochain. Sur les arbres \u00e0 fleurs ou \u00e0 fruits, attention aux bourgeons \u00e0 fleurs ou \u00e0 fruits.<\/p>\n","protected":false},"excerpt":{"rendered":"<p>Fin d\u2019accumulation des r\u00e9serves. D\u00e9but de la mise en sommeil. L\u2019arbre perd ses derni\u00e8res feuilles et avec elles, l\u2019activit\u00e9 chute \u00e9galement. L\u2019arbre a accumul\u00e9 un maximum de r\u00e9serves. &nbsp; Besoins de l\u2019arbre : Tant qu\u2019il subsiste des feuilles il est en activit\u00e9 et a donc besoin d\u2019\u00e9l\u00e9ments pour renforcer ses r\u00e9serves et ses protections hivernales. [&hellip;]<\/p>\n","protected":false},"author":4,"featured_media":0,"parent":0,"menu_order":0,"comment_status":"closed","ping_status":"closed","template":"","meta":{"footnotes":""},"class_list":["post-21577","page","type-page","status-publish","hentry"],"blocksy_meta":[],"_links":{"self":[{"href":"https:\/\/momiji.neurolab-inc.com\/index.php?rest_route=\/wp\/v2\/pages\/21577","targetHints":{"allow":["GET"]}}],"collection":[{"href":"https:\/\/momiji.neurolab-inc.com\/index.php?rest_route=\/wp\/v2\/pages"}],"about":[{"href":"https:\/\/momiji.neurolab-inc.com\/index.php?rest_route=\/wp\/v2\/types\/page"}],"author":[{"embeddable":true,"href":"https:\/\/momiji.neurolab-inc.com\/index.php?rest_route=\/wp\/v2\/users\/4"}],"replies":[{"embeddable":true,"href":"https:\/\/momiji.neurolab-inc.com\/index.php?rest_route=%2Fwp%2Fv2%2Fcomments&post=21577"}],"version-history":[{"count":1,"href":"https:\/\/momiji.neurolab-inc.com\/index.php?rest_route=\/wp\/v2\/pages\/21577\/revisions"}],"predecessor-version":[{"id":21578,"href":"https:\/\/momiji.neurolab-inc.com\/index.php?rest_route=\/wp\/v2\/pages\/21577\/revisions\/21578"}],"wp:attachment":[{"href":"https:\/\/momiji.neurolab-inc.com\/index.php?rest_route=%2Fwp%2Fv2%2Fmedia&parent=21577"}],"curies":[{"name":"wp","href":"https:\/\/api.w.org\/{rel}","templated":true}]}}